j) = 2*j - 12. Let h(v) = y*b(v) - 5*r(v). List the prime factors of h(5).
3
Suppose 3*n = -4*d - 95, -5*d - 11 = n + 6. Let p = -22 - n. List the prime factors of p.
3, 5
Suppose 0 = n + 5*i - 16, -3*n = -0*n - 5*i - 108. Let s = 52 - n. Suppose 20 + s = 3*d - 4*h, 3*d + 5*h = -4. List the prime factors of d.
7
Let t be (-4)/4 - (-33)/1. Let z be (t/(-20))/((-2)/5). Let s(g) = 4*g - 4. What are the prime factors of s(z)?
2, 3
Let n be 12/(-54) - 61/9. Let b = n + 17. Let w(f) = f - 6. List the prime factors of w(b).
2
Let n(u) = u**3 + 6*u**2 - 5*u - 14. What are the prime factors of n(-6)?
2
What are the prime factors of ((-1100)/(-33))/(2/6)?
2, 5
Let m(a) = 33*a - 1. Let u be m(1). Let x be ((-6)/(-4))/(3/u). Let i = x - -2. What are the prime factors of i?
2, 3
Let m(h) = h**2 + 8*h + 4. Let t be m(-8). Let a = t - 5. List the prime factors of a/2 - (-22)/4.
5
Let p(g) be the first derivative of g - 4*g**2 - 3 + 1 + 5*g**2. What are the prime factors of p(6)?
13
Let d(x) = -x. Let h be d(-8). List the prime factors of (-2)/h + (-33)/(-4).
2
Let k(a) = a**3 - 13*a**2 - 5*a - 4. What are the prime factors of k(14)?
2, 61
Suppose 5*m + p - 641 = -p, 0 = m + 4*p - 139. List the prime factors of m.
127
Let y(i) = 11*i - 1. Let r = -1 + 2. Suppose 0 = -5*t + 4 + r. List the prime factors of y(t).
2, 5
Let g be (-6)/4*(-2 + 0). Let c be g*-1*4/6. Let j(a) = -2*a**3 - 2*a**2 - a - 2. List the prime factors of j(c).
2
Suppose 5*a + 10*m = 5*m + 170, -5*a + 3*m + 146 = 0. What are the prime factors of a?
31
Let c = 146 - 102. What are the prime factors of c?
2, 11
Suppose -3*g - 57 = -6*g. List the prime factors of g.
19
Let l be 2/8 - (-18)/(-8). Let v be 32/5 - 2/5. Let r = v + l. List the prime factors of r.
2
Let m(a) = -2*a**3 + a**2 - a + 1. Let w be m(1). What are the prime factors of 0 + (0 - w) - -9?
2, 5
Suppose -2*l + 16 = 2*n, 3*n + 31 = 5*l + 5*n. Let b = 7 + -22. List the prime factors of (b/6)/l*-20.
2, 5
Suppose 2*m + 62 = 3*m + 4*s, m + 5*s = 61. What are the prime factors of m?
2, 3, 11
Let m = -14 - -63. What are the prime factors of m?
7
Let a = -11 + 10. Let o(y) = 2 - 2 - 11*y. What are the prime factors of o(a)?
11
List the prime factors of 6 + 3/1 + 2.
11
Let j(u) = -4*u - 4 + 3 + 3. Let f be j(3). Let w = 27 + f. What are the prime factors of w?
17
Let c = 3 - -3. What are the prime factors of c?
2, 3
Suppose -2 - 1 = -p + q, 15 = p + 3*q. Suppose 5*f = -4 - p. What are the prime factors of 224/12 - f/(-3)?
2, 3
Suppose 4*o = 1 + 15. Suppose -5*w + 133 + 109 = -2*s, 0 = -4*s - o. What are the prime factors of w?
2, 3
Let j(d) = -d**2 + 13*d - 13. What are the prime factors of j(9)?
23
Let g(a) = 3*a + 1. Let k = -7 + 13. What are the prime factors of g(k)?
19
Let s be 1*(3 - (-3 - -3)). Suppose -2*z - 44 = -5*y + 34, s*y - 58 = 4*z. What are the prime factors of y?
2, 7
Suppose -24 = -15*r + 14*r. Let f = r - 12. List the prime factors of f.
2, 3
Let o be 0/(2/2) - 5. Suppose 3*s = 7*s + 56. Let k = o - s. What are the prime factors of k?
3
Suppose 2*o - 5*u - 19 = 0, 2*o - 2*u - 16 = 2*u. Let s = 4 - o. What are the prime factors of s + (-12)/(3*-1)?
2, 3
Let r(o) = -o**3 + 12*o**2 - 14*o + 19. What are the prime factors of r(8)?
163
Let d(b) = -3*b**3 - b**2 + b. Let o be d(1). Let a = -5 - o. Let l = a + 8. What are the prime factors of l?
2, 3
Let x = 0 + 0. Let v(o) = 3*o + 50. Let l(r) = -2*r - 33. Let n(y) = -8*l(y) - 5*v(y). List the prime factors of n(x).
2, 7
Suppose 0 = -2*g - 5*k + 24, -5*k = -3*g + 2*g - 18. Suppose -3*n + 130 = g*n. What are the prime factors of n?
2, 13
Let z = 10 - 5. Suppose -f + 25 = -x, -f + 25 = 2*x + 3*x. Suppose 0*c + f = z*c. List the prime factors of c.
5
What are the prime factors of 3/((-12)/(-64)) + 1?
17
List the prime factors of 2/(2 + -4)*-49.
7
Let t(c) = c**3 - 2*c**2 - 4*c + 3. Let f be t(3). Suppose f*a - a = 0. Suppose a = -4*i - i + 50. What are the prime factors of i?
2, 5
Let h = 1 - -27. What are the prime factors of h?
2, 7
Let o(n) = 6*n**3 + 8*n - 4. Let u(v) = v**3 - v**2 + v. Let c(d) = -o(d) + 5*u(d). What are the prime factors of c(-5)?
19
Suppose -2*l - t = -4*t, 4*l = 2*t. Suppose 3*g - 3 = -l*g. Suppose 4*m = -u - 4, g = 3*u + m - 31. List the prime factors of u.
2, 3
Suppose 5*b - 4*o = -0*b + 1189, o = -2*b + 486. What are the prime factors of b?
241
Suppose r - 5*w = 2*r - 30, 5 = w. Suppose 4*v = r*f - 5, 2*f = -2*f - 3*v + 4. Let a = f + 11. List the prime factors of a.
2, 3
Let f(s) = -s**2 - 5*s - 2. Let v be f(-4). Suppose v*y - 35 = -5*b + 7, -24 = -4*y + 5*b. What are the prime factors of y?
11
Suppose -1200 = -7*m + m. Suppose 4*k - n = 95 + 105, 4*k - 5*n - m = 0. What are the prime factors of k?
2, 5
List the prime factors of (350/(1 - 2))/(-1).
2, 5, 7
Suppose 4*s + 4*n = 208, -s - n - 152 = -4*s. What are the prime factors of s?
3, 17
Let q(p) = p - 5 + 17*p**2 + 4 + 25*p**2. What are the prime factors of q(1)?
2, 3, 7
Let f = 12 - 7. Suppose 3*i + 3 = -3*j + 42, f*j - 5*i - 25 = 0. List the prime factors of j.
3
Suppose 2*r - 6 = 8. Suppose 0 = -3*l + r + 5. Suppose 7 + 1 = l*o. List the prime factors of o.
2
List the prime factors of 2530/30 + 2/3.
5, 17
Suppose -p + 5*j - 16 = 0, 4*p - 32 = -0*j - 4*j. What are the prime factors of (-8)/p*(-2)/1?
2
Let s = 16 + 0. Suppose s = m - 0*m. List the prime factors of m.
2
Let d(v) = -v**3 + 10*v**2 + 3*v - 6. Let t be (-2 - -7)/(1/2). What are the prime factors of d(t)?
2, 3
Suppose 4 + 8 = -4*f. What are the prime factors of 40/(-1)*f/6?
2, 5
Let f = -2 - 2. Suppose 0 = -3*y + y + 36. Let g = f + y. What are the prime factors of g?
2, 7
Let d be (2 - 2)/(1*-2). Suppose 3*z - 4 + 10 = d. What are the prime factors of 3 + z - (1 + -12)?
2, 3
Suppose 5*f - 5*y + 90 = 0, f - 2 + 4 = -3*y. Let a = 10 + f. List the prime factors of (a/6)/((-4)/30).
5
Let s be 2*1 - 6/3. Let u(o) be the second derivative of o**3/6 + 2*o**2 + 4*o. What are the prime factors of u(s)?
2
Let w = 11 + -5. Suppose c = w - 4, 0 = 5*a + c - 77. What are the prime factors of a?
3, 5
Suppose -w + 2*w - 3*l = 98, -4*w = -3*l - 428. List the prime factors of w.
2, 5, 11
Let n = -11 + 13. List the prime factors of (-2 - (-1 + n))*-7.
3, 7
Suppose -2 = -2*k - 6. Let i = k + 7. List the prime factors of i.
5
Suppose 0 = -2*u, -2*i + 4*i - 3*u = 0. List the prime factors of (-6 - i - -3) + 14.
11
Let v(s) = -s**2 + 12*s + 15. What are the prime factors of v(12)?
3, 5
Let h(l) = 1. Let a(p) = -13*p + 9. Let y(c) = a(c) - 6*h(c). List the prime factors of y(-2).
29
Let p be 0 - 1/(-2 + 1). Let n be 2/(6/12 + (-1)/3). Let h = n - p. What are the prime factors of h?
11
Let z(q) = -q**3 + 5*q**2 + 7*q. Let j be z(6). Suppose 0 = r - j*r. List the prime factors of (r + 6)*(-2)/(-6).
2
Suppose -7*n - n + 2328 = 0. What are the prime factors of n?
3, 97
Suppose -b - 2*b = -15. Suppose -7 = -4*j + 13, 0 = -b*h - j + 50. What are the prime factors of h?
3
List the prime factors of -1*(-5)/((-15)/(-81)).
3
Let l = -22 + 27. Suppose -i - 3*p = -19, 2*i - 6*i + l*p = -25. List the prime factors of i.
2, 5
Let u(l) = -l - 3*l - 2*l + 4 - 3*l - l**2. Suppose 25 - 1 = -3*o. What are the prime factors of u(o)?
2, 3
Let x be 72/5 + 4/(-10). Let j = -7 + x. List the prime factors of j.
7
Suppose -5*d + 10 = 2*c, -25 = -5*c + d - 4*d. Suppose 68 = 3*s + q, 5*s + c*q = 1 + 109. Let y = s + -10. What are the prime factors of y?
13
Let s be (0/1)/(7/(-7)). Suppose 156 = 2*m + m - 3*q, 5*m - 4*q - 262 = s. List the prime factors of m.
2, 3
List the prime factors of 254/((-2)/((-3)/3)).
127
Let g(d) = -7*d + 2. Suppose 0 = -2*v - 6 - 2. Let b be g(v). Suppose -5*a = 4*x - b, -4*x - 11 - 9 = 0. List the prime factors of a.
2, 5
List the prime factors of (-3840)/(-45) + (-4)/(-6).
2, 43
Let f(u) = -u**2 + 3*u - 1. Let p be f(3). List the prime factors of (3 + -2)/(p/(-11)).
11
Suppose -s - 5*y + 3 = 0, 5*y - 10 - 25 = -5*s. Let z be s*3/18*3. Suppose j = -z*j + 45. What are the prime factors of j?
3
Suppose 1 = p + 4. Let a be 2/(p/6 - 0). What are the prime factors of (-14)/(-6) - a/6?
3
Suppose m - 88 = 2*j, 2*m - 102 = 2*j + 66. What are the prime factors of m?
2, 5
Let q = -31 + 100. List the prime factors of q.
3, 23
Let i(m) = -m**3 - 12*m**2 - 12*m + 